ided by (-6)/4*740/(-30)?
17
Suppose 7*x - 4 = 9*x. Let v be (-54)/42 - x/7. Calculate the remainder when (-90)/21*(v - 6) is divided by 8.
6
Let q(k) = -6*k**3 + 2*k**2 + 3*k + 2. Calculate the remainder when 307 is divided by q(-1).
6
Suppose 0 = 9*d - 16*d + 973. What is the remainder when d is divided by 36?
31
Let g = 61 - -152. What is the remainder when g is divided by 7?
3
Let s be (-4 - -5) + 1*2. Suppose -s*b - 16 + 52 = 0. Let k(h) = -h**2 + 17*h - 14. Calculate the remainder when k(b) is divided by 16.
14
Suppose 0 = 3*w - 29 - 16. What is the remainder when (-13900)/(-200) - (-3)/2 is divided by w?
11
Suppose 5*s = -4*u - 6, -12 = -2*s - 0*u + 2*u. What is the remainder when 7 is divided by s?
1
Let k(i) = -5*i**2 + 3*i - 8. Let f be k(-5). Let l = f - -245. Calculate the remainder when l is divided by 1/(-1 + (-52)/(-50)).
22
Let c(n) = n**2 - 7*n - 61. Suppose 5*l - 15 = 85. What is the remainder when c(15) is divided by l?
19
Let b be 31/3 - (-6)/9. Suppose -b + 0 = -a. What is the remainder when (-8)/(-3)*720/96 is divided by a?
9
Let x(c) = -2*c**3 + 47*c**2 + 30*c - 56. Calculate the remainder when x(24) is divided by 50.
38
Suppose -2*q - k = 57, 4*q + 5*k = -64 - 35. Let o = q - -39. What is the remainder when 29 is divided by o?
5
Let f(i) = -i + 1. Let c(g) = -6*g**2 - 29*g - 5. Let h be c(-5). Calculate the remainder when 130 is divided by f(h).
9
Suppose 4*m - 3*m - 2 = 0. Let i = -67 + 72. Calculate the remainder when i is divided by m/1 - (-2 + 0).
1
Suppose -49*p + 450 = -4058. What is the remainder when p is divided by 16?
12
Calculate the remainder when 15784/14 - (-168)/294 is divided by 87.
84
Let n = -12 + 41. Let q = -47 - -57. Calculate the remainder when n is divided by q.
9
Suppose -3*x - 72 = -0*x. Let a be 4/(-14) + 13250/(-371). Let l = x - a. Calculate the remainder when 20 is divided by l.
8
Let t(y) = -36*y - 5. What is the remainder when 123 is divided by t(-2)?
56
Let s = -103 - -175. What is the remainder when 287 is divided by s?
71
Let t be (75/4)/(18/(-72)). Let v = 127 + t. Suppose -v = -4*b - 0*b. What is the remainder when 24 is divided by b?
11
Let a be ((-12)/9)/((-6)/9). Suppose n + 549 = 4*n - 2*o, a*o = -n + 183. Calculate the remainder when n is divided by 62.
59
Let n(i) = -i**3 + 5*i**2 + 4*i - 4. What is the remainder when ((-8700)/(-522))/((-1)/(-3)) - 0 is divided by n(4)?
22
Suppose -16*j + 736 = -0*j. Calculate the remainder when j is divided by 13.
7
Let s(g) = -g + 136. What is the remainder when s(-7) is divided by 22?
11
Suppose -h + 281 = 3*n, 15 = -4*h - 1. What is the remainder when 226 is divided by n?
36
Suppose 17 = 3*k + 8. Let g = -2 + 3. Calculate the remainder when k is divided by g.
0
Let s = 3 - -5. Suppose 3*w + 65 = s*w. Let l = 22 - w. Calculate the remainder when l is divided by 3.
0
Suppose -2*i + 20 = -6*u + 10*u, 0 = 3*i - u - 16. Let c be 3/(1 - -2) - -6. Let f = 10 - c. Calculate the remainder when i is divided by f.
0
Suppose -k - 646 = -g, 4*g + 21*k = 24*k + 2585. Calculate the remainder when g is divided by 6.
5
Let l(d) = 2*d**2 + 6*d + 1. Let v be l(-4). Let w = -16 + v. Let c = 9 + w. What is the remainder when 5 is divided by c?
1
Let n(a) = a - 41. Let x(p) = -p**2 - 6*p + 6. What is the remainder when x(-6) is divided by n(44)?
0
Let b(n) = -n**2 + 15*n - 4. Suppose 5*m - 48 = m. Calculate the remainder when 158 is divided by b(m).
30
Let b(j) = -11*j**3 + 9*j**2 + 5*j + 7. What is the remainder when b(-3) is divided by 27?
19
Suppose a - 72 = -2*s - 14, -2*a + 2*s + 86 = 0. Calculate the remainder when a is divided by 37.
11
Let v be (-2)/(-1 + (-1)/(-3)). Suppose 2*m - 103 = -v*c, 7*m - 2*m = -4*c + 149. Let o = 26 - 10. What is the remainder when c is divided by o?
15
Suppose -2 = -o - 1. Suppose 43 = 2*m - 4*n + 15, -5*m - 8 = 3*n. What is the remainder when m is divided by o?
0
Let g = 191 + 73. Suppose -g = -8*f + 2*f. Calculate the remainder when f is divided by 15.
14
Let s be 318/21 + (-2)/14. Suppose -h + s = -23. Calculate the remainder when 73 is divided by h.
35
Suppose -96 - 190 = -2*k. Let q(p) = -3*p. Calculate the remainder when k is divided by q(-12).
35
Let s(y) = 33 + y + 4*y - y**2 + 14*y. Calculate the remainder when 72 is divided by s(20).
7
Let b = 3 - 2. Suppose 0 = k + 2*q - q - b, k - 31 = 5*q. Suppose 4 = x - k. Calculate the remainder when 19 is divided by x.
9
Let t(s) = 213*s**2 - 2*s + 2. Let a be t(1). Suppose -2*z = i - 145, -4*i + i = 3*z - a. What is the remainder when z is divided by 25?
24
Calculate the remainder when 57 is divided by (28/(-8) - -5)/(18/552).
11
What is the remainder when (-4 - -6) + (72 - -3) is divided by 2 - (-5)/(-2) - 440/(-16)?
23
Suppose 7*o = 2*o - 3*b + 1595, 3*o - 941 = -5*b. What is the remainder when o is divided by 82?
76
Let x be 9/54 + 130/12. Suppose -r + 2*r - x = 0. What is the remainder when r is divided by 7?
4
Suppose -y + w = 2*w - 40, 118 = 3*y + w. Let c be (0 - -2)*(-9)/(-6). Suppose 73 - 10 = c*h. What is the remainder when y is divided by h?
18
Let s = -322 - -390. Calculate the remainder when s is divided by (1 - 18/4)*-4.
12
Let j(x) = -x**3 + 16*x**2 + 19*x - 30. Let z be j(17). Suppose -3*u = -z*h - 45, -9 = 3*u + h - 54. What is the remainder when 56 is divided by u?
11
Suppose 3*q + h - 14 = 4, -q - 7 = -4*h. Suppose -2*y + q = 1. What is the remainder when 50 is divided by 6/(-4)*y + 16?
11
Suppose 948*c = 945*c + 75. Calculate the remainder when 192 is divided by c.
17
Let g(a) = a**3 - 10*a + 17. Let x be g(7). Calculate the remainder when x/15 + 8/(-6) is divided by 4.
2
Suppose 20*q - 71*q + 1435 = -4889. Calculate the remainder when q is divided by -2 + 19 + (-1)/1.
12
Let i be (-5)/((-10)/48)*6/4. Suppose 219 = 5*p - i. Let d = 42 - 29. What is the remainder when p is divided by d?
12
Suppose 4*r = 5*z + 22, -3*r + r + 26 = 5*z. Calculate the remainder when r is divided by 52/65*5/2.
0
Let w(y) = y**3 - 5*y**2 - 16*y - 7. Let j be w(7). Calculate the remainder when 12*(2 + j/12) is divided by -1 - -1 - (-6 + 5).
0
Calculate the remainder when -5 - 29/(58/(-360)) is divided by 36.
31
Let v(x) = x**2 - 5*x + 1. Let c be v(4). Let g = c - -2. Let r = 14 - g. Calculate the remainder when 57 is divided by r.
12
Let u = 27 - -19. Suppose -3*n = -u - 11. What is the remainder when 37 is divided by n?
18
Let s(a) = -2*a + 7. Let n = 115 - 115. Suppose -4*x = -3*x - 20. Calculate the remainder when x is divided by s(n).
6
Suppose -4*z + 3*z = -58. Suppose z = -3*a + 5*a. Calculate the remainder when 55 is divided by a.
26
Suppose -276 = -6*r + 2*r. What is the remainder when 204 is divided by r?
66
Let i(l) = -l**3 - 14*l**2 + 45*l + 15. What is the remainder when i(-17) is divided by 34?
15
Suppose -n - 3*n + 908 = 0. Let s = n + -142. Calculate the remainder when 3*-1*s/(-51) is divided by 3.
2
Suppose 3*s = 2*s. Suppose -3*f - 2*y + 4*y = -7, -f - 2*y + 13 = s. What is the remainder when 14 is divided by f?
4
Suppose h + 0 + 5 = 0. Let l = 36 + h. What is the remainder when ((-69)/2)/((-3)/8) is divided by l?
30
Let a(m) = -2*m + 25. Let s be 53/11 + -3 + 175/55. Let i(f) = f**2. What is the remainder when i(-5) is divided by a(s)?
10
Let z(b) = b**2 + 0 + 5 - 5 + b - 6*b**3 + 1. What is the remainder when z(-2) is divided by 18?
15
Let a(j) = 2*j + 4. Let p = 6 + -1. Suppose 0 = -10*w + p*w + 145. Calculate the remainder when w is divided by a(6).
13
Let x = 1450 + -1418. Calculate the remainder when 344 is divided by x.
24
Suppose -b + 5*v + 31 = v, 4*b = 4*v + 76. Let i = 22 - b. Calculate the remainder when 39 is divided by i.
4
Suppose -d = -3*h + 16, -54*h - 4*d + 26 = -51*h. What is the remainder when h is divided by 2?
0
Let r = 5 - 8. Suppose -3*g + l = -177, 5*g + 5*l - 487 = -172. Calculate the remainder when g is divided by (-1)/r + (-188)/(-12).
12
Suppose 3*s = -5*y + 24, 3*y - s - 8 = 2*y. Calculate the remainder when y is divided by (-3)/6 - 54/(-12).
2
Suppose 15 = 4*v + v. Suppose 0 = -v*l - 2*l + 35. Suppose 15*w = 28*w - 65. Calculate the remainder when l is divided by w.
2
Suppose -4*z - 3*u = -49, -z - 7*u + 1 = -5. Let v = 10 + -5. What is the remainder when z is divided by v?
3
Suppose -71*p + 259 = -64*p. Calculate the remainder